0*l. Let z(f) be the first derivative of -1 - 5/3*f**3 + 0*f**2 - 4*f - 1/4*f**4. Determine z(l).
-4
Let g = 147 + -143. Let w(a) = -3*a**2 + 413*a - 11 + g + a**3 - a**2 - 417*a. Determine w(5).
-2
Let g = 8 + -3. Let r(n) be the third derivative of -n**6/120 + n**5/10 - n**4/24 + 2*n**3/3 - n**2 + 224*n. Determine r(g).
24
Let n(k) = -k**3 + 5*k**2 + 2*k - 6. Suppose -25 + 145 = 30*g. Calculate n(g).
18
Let c(d) = -d**3 + 5*d**2 - 4*d. Suppose 12*k - 8*k = 12. Calculate c(k).
6
Let l(j) = -2*j**2 - 13*j - 13. Let o be l(-4). Let x(v) be the third derivative of v**5/60 - 7*v**4/24 - 4*v**3/3 + 5*v**2. Determine x(o).
-8
Let p = 83 + -86. Let w be (0 - 1/1) + 3 - p. Let a(o) = o**3 - 6*o**2 + 7*o - 5. Determine a(w).
5
Let q(n) = -n - 1. Let j(b) = 3*b + 4. Let s(m) = j(m) + 4*q(m). Let l(g) = -3*g**3 - g. Let r be l(-1). Calculate s(r).
-4
Let i(w) = w**3 - 5*w**2 - 1. Let u(b) = -b**2 - 2*b + 13. Suppose 3*p - 5*v = 1 + 2, 5*v + 15 = 0. Let f be u(p). Give i(f).
-1
Suppose -3*c = 5*p - 37, -3*p + 24 = -3*c - 3. Suppose 0 = -23*w + 25*w + p. Let d(z) = -z**3 - 4*z**2 + 4*z + 1. Determine d(w).
-15
Let o(x) = x + 4. Let r(k) = -4*k**2 + 13*k - 6. Let v(g) = 7*g**2 - 26*g + 12. Let d(j) = -5*r(j) - 3*v(j). Let t be d(13). Calculate o(t).
-2
Let f(m) = 16*m - 12. Let x(r) = 3*r - 2. Let v(z) = 2*f(z) - 11*x(z). What is v(-6)?
4
Let x(b) = b**2 + 3*b. Suppose -10 = -0*d - d. Let i be (d/3)/(8/(-12)). Give x(i).
10
Let i(o) = -o**3 + 5*o**2 - 6*o + 1. Suppose 0 = -5*n - 0*n + 2*w - 80, 29 = -3*n + 5*w. Let a = n + 22. Give i(a).
-7
Suppose 2*r + 2*l = r + 16, 2*r - 5*l = 14. Let v(p) = p**3 - 13*p**2 + 11*p + 13. Give v(r).
1
Let l be (3/(-18))/(3/24)*6. Let k(t) = -t**2 - 5*t + 17. What is k(l)?
-7
Let c(x) = x + 10. Let r be (124/8 - 5)*8/(-12). Determine c(r).
3
Let o(t) = 6*t + 1. Let h(f) = -29*f + 118. Let r be h(4). Give o(r).
13
Let p(d) = 9 + 0*d**2 + 14*d + d**2 - 2*d**2 - 48*d + 22*d. Give p(-13).
-4
Let h(j) = 6*j**2 + j**3 + 237 - 215 - 27. Determine h(-4).
27
Suppose 6 - 26 = -5*p. Let d(b) = p + 4*b + 8 - 4*b + b. Let z = 1 - 1. Give d(z).
12
Let t(q) = -q**3 - 14*q**2 - 24*q + 4. Let f = 13 + -25. Let b be t(f). Let c(r) = -2*r + 13. Let s(d) = -d + 6. Let m(u) = -4*c(u) + 9*s(u). What is m(b)?
-2
Let r(u) be the first derivative of 8*u**3/3 + u**2 + 5*u + 24. Let m(t) = 17*t**2 + 4*t + 11. Let l(h) = -6*m(h) + 13*r(h). Determine l(1).
3
Let x(f) = 6*f - 16*f + 2 - 13*f**2 - 3*f - f + f**3. Give x(14).
2
Let o(s) = 111*s - 2. Let h(l) = 41*l - 1. Let x(c) = 11*h(c) - 4*o(c). Let b = 8 - 6. Determine x(b).
11
Let a(i) = i**3 - 8*i**2 - i + 7. Let g = 27 - 1. Let z = g - 18. Determine a(z).
-1
Let t(j) = j**3 + 8*j**2 - 3*j - 10. Let a be (1 - 128/14) + (-118)/(-826). Give t(a).
14
Let f(m) be the first derivative of -5*m**2/2 + 3*m - 6. Suppose -2*l + 16 = 3*w, -9 = 2*w + w - 3*l. Determine f(w).
-7
Let r(w) be the third derivative of -w**5/60 + w**4/24 - w**3/2 + 10*w**2 - w. Determine r(-2).
-9
Let k(o) be the second derivative of -o**4/12 - 4*o**3/3 - 7*o**2 - 545*o. Give k(-7).
-7
Let q(r) = r**3 + 2*r**2 - 1. Suppose 2*g = -3 - 13. Let f be 18/4*g/12. Determine q(f).
-10
Let z(p) = p**2 - 13*p - 6. Let c(b) = b**2 - 16*b - 6. Let x(i) = 4*c(i) - 5*z(i). Calculate x(6).
-24
Let w(n) = -n - 8. Let q(s) = 2*s + 15. Let r(x) = -3*q(x) - 5*w(x). Let o(v) = 2*v - 3. Let f be o(3). Suppose -i = -5*z - 11, 5 = i - 6*z + f*z. What is r(i)?
-1
Let w(b) = b**3 - 3*b + 1. Let f be w(2). Let d(i) = -f*i - 2*i - 1 + 0. Let t(m) = m**3 + 2*m**2 - 1. Let k be t(-2). What is d(k)?
4
Let f be (12 - (2 + -1))*(-8)/8. Let n(u) = -2*u + 1. What is n(f)?
23
Let g(k) = 42*k**2 - 23*k**2 - 18*k**2 + 1. Suppose 5*n - 1 = -6. Let a be n*0/((-1)/(-1)). Determine g(a).
1
Let u(n) = -2*n**3 - n**2 + 1. Let a be u(-1). Let v(b) = -b**a - 4 + 2*b**2 + b**3 - b**2 + 3*b**2 - 3*b. Calculate v(-3).
5
Let q(j) = -j + 9. Suppose -25 = -3*m - 3*a + 11, -5*m - 4*a = -55. Calculate q(m).
2
Let i(y) = -y**2 + 2*y - 2. Let p be (-90)/(-25)*(-10)/(-6). Let c be p*(1 + (-1)/2). Give i(c).
-5
Let k(c) = 3*c + 20. Let g be (0 - -1*4)/(1/(-2)). What is k(g)?
-4
Let c(z) = -3*z**3 + 5*z**2 + 8*z - 9. Let t(n) = 7*n**3 - 14*n**2 - 16*n + 17. Let p(x) = -5*c(x) - 2*t(x). What is p(-5)?
1
Let p(f) = -16*f**3 - 3*f**2 + 3*f + 1. Let k(m) = -35*m**3 - 7*m**2 + 7*m + 2. Let i(j) = -3*k(j) + 7*p(j). Suppose 7 - 5 = -2*u. Calculate i(u).
8
Let u be (6 - 5) + (-4)/1. Let m(a) be the first derivative of 2*a**2 - a - 57. Determine m(u).
-13
Let d(g) = 5 - 35*g + g**2 + 5*g + 7*g + 15*g + 13*g. Determine d(-5).
5
Let m be -7 - -11 - (-26)/(-2). Let a(n) = -n**3 - 8*n**2 + 6*n - 17. Let q be a(m). Let j(p) = -p + 6. Give j(q).
-4
Let k(d) = d**2 + 2*d + 1. Suppose 5*g + 20 = -3*z + 1, 2*g - 4*z - 8 = 0. Determine k(g).
1
Let t(l) = l**2 + l. Let a(z) = z**2 + 2*z - 3. Let q(i) = 2*a(i) - 3*t(i). Let f(w) = -w - 6. Let m be f(-6). Calculate q(m).
-6
Let x = 110 - 116. Let c(t) = -t**2 - 2*t + 17. Give c(x).
-7
Let w(b) be the third derivative of -7*b**4/24 - b**3/3 + 6*b**2 - 10. Give w(-5).
33
Let i(r) = -5*r - 336 + 7*r + 334. Calculate i(13).
24
Let h(w) = 13*w - 1. Suppose -3*l + 5*l + 5*u = -8, -5*l - 3*u = 1. Give h(l).
12
Let v(x) = x**2 + 3*x - 14. Let y be v(-5). Let c(g) = 2*g**2 + 6*g + 4. Calculate c(y).
12
Suppose -f = -31 + 29. Let o(b) = -b**3 + 2*b**f - b + 5*b**2 + 2 - 5*b**2. What is o(2)?
0
Let s(n) = -5*n**3 + n**2 - 4*n + 4. Let m be s(1). Let d(o) = -o**3 - 6*o**2 - 4*o - 2. Calculate d(m).
-18
Suppose 54 = -3*s + 60. Suppose -2*h = -s*m + 2*h, -6 = 2*h. Let q(n) = -n**2 - 6*n - 5. Give q(m).
-5
Let q be 6 + 0 - (0 - -1). Let j = q - 14. Let p = j - -6. Let k(c) = -3*c - 1. What is k(p)?
8
Let x = -223 + 119. Let i = 110 + x. Let l(b) = b**2 - 8*b + 9. What is l(i)?
-3
Let q(x) = -x**3 + 3*x**2 + 3*x + 5. Let s = -1076 - -1080. Determine q(s).
1
Let f(v) = -v**2 + 5*v - 1. Suppose h - 5 = -k, -2*h + 5*k + 5 - 2 = 0. Determine f(h).
3
Let v(f) = f**3 - 6*f**2 + f + 5. Let k = 983 + -977. Give v(k).
11
Let o(z) = -18 + 11*z - 31*z + 53 - 2*z**2 + 8*z + 3*z**2. What is o(6)?
-1
Let w(l) = l**3 - 6*l**2 - 6*l + 6. Let y be (-2 + (-356)/(-8))*-2. Let d = y + 92. Calculate w(d).
13
Suppose -5*q = 5*r + 5, -q = -0*q - r + 7. Let f(m) be the first derivative of 0*m - 5/2*m**2 - 1/3*m**3 - 2. Determine f(q).
4
Let k(t) = 36 - 54 + t + 16. What is k(-5)?
-7
Let a(q) = -q**2 - 8*q. Let x(i) = 4*i**2 + 32*i - 1. Let n(p) = 9*a(p) + 2*x(p). Determine n(-6).
10
Let q(l) = l**3 + 6*l**2 + l - 7. Let n = -698 - -693. Calculate q(n).
13
Let w(m) = -6*m + 1. Let j(q) = 5*q - 2*q**2 - 2*q**2 + 2*q**2 + q**3 - 4 - 3*q**2. Let x be j(4). Let r = x + -1. Calculate w(r).
7
Let d = 750 + -750. Let v(a) be the first derivative of d*a**2 + 2 - 2/3*a**3 - a - 1/4*a**4. Calculate v(-2).
-1
Let s(y) be the third derivative of 0 + 1/8*y**4 + 1/60*y**5 + 0*y + 5/6*y**3 + 8*y**2. Calculate s(-5).
15
Suppose -10 - 10 = -5*z. Suppose -z*h = 3*s - 22, -4*h - 4*s = -6*h + 22. Let q(g) = g**3 - 7*g**2 + g + 4. Give q(h).
11
Suppose -3*k - k - 8 = 0. Let g be -2 + 1/(-2)*k. Let v(r) be the third derivative of -5*r**4/24 + 4*r**2. Give v(g).
5
Let d(k) = 4*k - 5. Suppose -2*u - 6 = 2, 4*u = -2*v - 22. Let z(j) = 6 + 3*j - 9 - 1. Let i(y) = v*z(y) + 2*d(y). Calculate i(5).
-3
Let w be 4/40 + 294/60. Let d(z) = z**2 - 3*z - 4. Determine d(w).
6
Let f = 97 - 103. Let v(w) = -w - 3. Give v(f).
3
Let p = 103 + -93. Let w(y) = -4*y + p*y + 10*y - 5*y. What is w(-1)?
-11
Let s = 2 - 4. Let k be 11/(-33) + s/(-6) + 1. Let z(p) = 3*p**2 - 2*p + 1. Give z(k).
2
Let c be -11 - -4 - (-2 + 5). Let y(l) = -l**2 - 11*l + 10. Give y(c).
20
Let q(c) = c**3 - c**2 - 26. Let w = 687 - 687. Give q(w).
-26
Let b(p) = p**2 - 8*p - 6. Suppose -6*n + 10*n - 11 = s, -5*n + 34 = s. Give b(s).
3
Suppose 4*a - 4*u + 2 = 6, 3*a + 2*u = 8. Let q(m) = m**2 - 2*m - 12. Let x be q(5). Let s(f) = -2*f + f + a - 2*f - x. What is s(1)?
-4
Let y(j) = 2*j + 2. Suppose 24 + 15 = 3*s + 3*k, 7 = s + 3*k. Let x = 18 - s. Suppose 12 - 2 = x*q. What is y(q)?
12
Let u(j) = 2*j**2 - 17*j - 26. Let d(v) = -v**2 + 9*v + 14. Let z(t) = 11*d(t) + 6*u(t). Determine z(5).
8
Suppose 13 = -11*x - 9. Let k(j) = j + 7. Give k(x).
5
Let a(y) = 4*y + 37*y 